ppose -x*j - 1 = q - 5, 0 = -5*q - 2*j - 6. Let i(z) = -3*z + 6*z**3 - z**2 + 1 - 2*z**3 - 3*z**3 - 3. Give i(q).
-8
Let l(z) = -z - 9. Let r(a) = 3*a + 20. Let v(o) = 9*l(o) + 4*r(o). Calculate v(-2).
-7
Let o(i) = 4465 + i - 4448 + 2*i - 2*i. Give o(-6).
11
Let r(s) = -s**3 - 2*s**2 + 2*s - 3. Let v(k) = 2*k**3 - 23*k**2 + 11*k + 2. Let n be v(11). Give r(n).
-15
Let n(w) = 14*w - 6. Let l(b) = 29 - 70 + 24 + 24 - 15*b. Let h(c) = -3*l(c) - 4*n(c). Calculate h(2).
-19
Let b(i) be the first derivative of i**3/3 + i**2 - 2*i - 1. Suppose 3*d = 13 - 1. Suppose 3*m = 2*c + 3*c - 7, 0 = -d*c + 3*m + 5. What is b(c)?
6
Let s(l) = -4*l**2 - 2*l**2 + 7*l**2 - 3. Suppose 2*r - 2*h = 10, -2*r + 5*h + 20 - 4 = 0. Calculate s(r).
6
Let q(y) = -4*y**3 - 9*y**2 + 3*y - 3. Let k(l) = -l**3 - 2*l**2 + l - 1. Suppose 0 = o - 48 + 39. Let v(x) = o*k(x) - 2*q(x). What is v(2)?
-5
Let b(y) = -2*y**2 - 21*y - 5. Let v be (-2 - 64/12)*24/16. Determine b(v).
-16
Let s(v) = -23*v**2 + 2*v + 1. Let f = -16 + 15. Determine s(f).
-24
Let v(z) be the first derivative of z**5/20 - z**3/6 - z**2 - 9*z - 10. Let n(a) be the first derivative of v(a). Calculate n(0).
-2
Let x be 1*-2 + -2 + (2 - 3). Let c be (-4)/(8/(-10))*(-7)/x. Let a(u) = -2*u + 9. Determine a(c).
-5
Let k(i) = -15 + 5 - 5*i - 1 + 8 - 3. Determine k(-5).
19
Let c(o) = o + 1. Let z be (65/10)/((-1)/(-2)). Let r = -22 - -32. Let x = z - r. Determine c(x).
4
Let y = -58 - -61. Suppose -5*a + 2*a = 2*q + 12, -y*q + 2*a + 8 = 0. Let w(k) = -3*k - 6. Let o(i) = i. Let u(g) = -4*o(g) - w(g). What is u(q)?
6
Let p(i) be the third derivative of 3*i**5/20 + i**3/6 + 2*i**2 + 12. Give p(1).
10
Let j(w) = w**2 + 6*w + 2. Let a = -7 - -40. Let f be (-73)/(-7) + (-4)/(-7). Let m be (-28)/6 - f/a. What is j(m)?
-3
Let c(s) = 6*s**2 - 3*s. Let x = 11 + -3. Suppose 4*y = q + x, 4*y + 2*q = 7*q + 8. Calculate c(y).
18
Let k(y) = y**2 + 8*y - 1. Suppose -211 + 55 = 12*h. Let c = 6 + h. Determine k(c).
-8
Let y(p) = p**2 + 8*p + 9. Let b = 5 - -11. Let h = 23 - b. Let q = 0 - h. Give y(q).
2
Let r = -271 - -262. Let l be (5 - 2)*(1 + 4). Let d = l + r. Let x(j) = j**2 - 6*j + 3. Give x(d).
3
Suppose 26*z + 70 = 36*z. Let k(b) = -b + 7. Determine k(z).
0
Let n be (-1)/(-3)*(5 + -3 + -2). Let p(v) be the third derivative of 0 + 1/8*v**4 + n*v - 1/30*v**5 - 5*v**2 + 1/6*v**3. Calculate p(-2).
-13
Let m(k) be the third derivative of -k**5/60 - k**4/12 + 2*k**3/3 - k**2. Let o(g) = g**2 - 13*g + 34. Let t be o(3). What is m(t)?
-20
Let k = -642 - -646. Let y(b) = -7*b + 21. What is y(k)?
-7
Let p(v) = -4*v**2 - v + 1. Let r be 68/(-18) - (-22)/(-99). Let s be (2/r)/(2/(-4)). Determine p(s).
-4
Let d(k) = 2*k - 1. Let j(i) = 2*i - 1. Let c(f) = 6*d(f) - 5*j(f). Let p(s) be the second derivative of -s**3/6 + 3*s. Let z be p(2). Determine c(z).
-5
Let c(n) be the first derivative of n**4/4 - n**3/3 - n**2 - n + 2. Let q be -36 - -39 - 15/(-9)*-3. Give c(q).
-9
Suppose -13*v = -18*v + 80. Suppose 19*p + 18 = v*p. Let t(n) be the third derivative of n**5/60 + n**4/4 - 7*n**3/6 - n**2. What is t(p)?
-7
Let h be 424/318 + 5/(-6). Let t(x) be the first derivative of -h*x**2 - 3*x - 2. Calculate t(5).
-8
Let o(q) = -2*q + 0*q**2 - q + q**2 - 6. Let m(a) = -2*a + 52. Let p be m(23). Give o(p).
12
Let u(z) = -z + 1. Let b be (4/(-3))/(11/(-66)). Suppose 0 = 2*o + 5*m + 27, o = -2*m - b - 3. Let i = o + -2. Determine u(i).
4
Let v(c) be the first derivative of 1/3*c**3 + 7*c - 32 + 4*c**2. Determine v(-6).
-5
Suppose -4*v = -2*j - 1 - 1, j = 3. Suppose 0 = -v*t - 3*z + 4*z + 12, 2*t = -2*z. Let g(y) = -y**3 - 4*y + 8*y**2 + 0*y**2 - 5 - 3*y**2. Determine g(t).
-5
Suppose 6*y = 3*y + 15. Let k be (18/(-4))/((-3)/4). Let i(p) = 4 + 2*p - p - k + 0*p. Calculate i(y).
3
Let t(y) = -y. Let g(n) = 24*n. Let k(z) = g(z) + 20*t(z). Let l be (-6)/6 - (-18 + -1). Suppose 13*w - 5 = l*w. Calculate k(w).
-4
Let c(p) = p. Let l(t) be the third derivative of -t**5/12 - t**4/8 - t**3/6 + 8*t**2. Let r(i) = 2*c(i) + l(i). Give r(-1).
-5
Let t(s) = 2*s + 23. Suppose -2*w - 19 = r, -27*w + 21*w + 5*r - 33 = 0. Calculate t(w).
7
Let v = 899 - 893. Let y(u) = -u**3 + 5*u**2 + 3*u + 10. Determine y(v).
-8
Let j(i) = 7*i - 8. Let c(y) = 6*y - 7. Suppose 0*w = -5*a - 5*w + 20, 2*w = -4*a + 18. Let l(f) = a*j(f) - 6*c(f). Calculate l(5).
-3
Let c be (-7)/(-28) + 54/8. Let l(a) = a**3 - 9*a**2 - 4*a - 1. Let y(v) = 2*v**3 - 17*v**2 - 9*v - 3. Let n(d) = -5*l(d) + 3*y(d). Calculate n(c).
-4
Let j(z) = -21*z**2 + z + 1. Suppose 0 = -3*c + p - 7, -17*p + 15*p = -c - 9. Give j(c).
-21
Suppose -2*c + 8 = -2*j, -3*c + 20 = 3*j + 2*c. Suppose j = t + 5. Let y(d) = -17*d - 5 + 16*d - 2 + 0. Give y(t).
-2
Suppose 0 = 39*x + 192 + 159. Let r(g) = g**2 + 16*g - 3. Determine r(x).
-66
Let c(w) be the second derivative of -w**5/20 + w**4/2 - w**3/3 + 2*w**2 - 528*w. Determine c(5).
19
Let b(z) be the second derivative of 1/2*z**2 + 0 - 1/3*z**3 - 4*z. Calculate b(-1).
3
Let p be 4 + 3 + 2 + -5. Let a(j) = 3*j**2 + 0*j**2 + 2*j - 2 - p*j**2. Let o = 8 + -5. What is a(o)?
-5
Let y(a) be the third derivative of a**4/6 - 7*a**3/6 - 35*a**2. Suppose -4*s - 7*c + 4*c + 23 = 0, 2*s - 12 = -2*c. Calculate y(s).
13
Let w(m) be the first derivative of -m**2/2 - 3*m + 45. Suppose -3*v = 2*j + v + 8, 2*v + 28 = -5*j. Determine w(j).
3
Let r(s) = -10*s + 1 + s**2 + 3 - 13*s + 16*s. Determine r(6).
-2
Let y(c) = -7*c + 12. Let g(k) = 8*k - 13. Let a(j) = -2*j - 21. Let o be a(-14). Let q(s) = o*y(s) + 6*g(s). Suppose 5*f - 12 = 3*f. Give q(f).
0
Let q(v) be the first derivative of -4 - 1/2*v**2 + 9*v. Give q(7).
2
Let k(g) = g**2 - 3*g - 3. Let w(i) = -3*i**2 - 19*i - 3. Let b be w(-6). Determine k(b).
-3
Let y(s) be the third derivative of s**5/60 + s**4/4 - 7*s**3/6 + 99*s**2. Determine y(-6).
-7
Let r(v) = -v**2 + 5*v - 4. Let n(o) be the second derivative of -o**4/12 - 4*o**3/3 + 13*o**2/2 + 3*o. Let m be n(-9). Suppose 0 = -u - m*u + 25. Give r(u).
-4
Let h be ((-18)/4)/(-3) + (-111)/(-74). Let o(c) = -12*c - 1. Determine o(h).
-37
Let p(v) be the second derivative of -v**3/2 - 9*v**2 - 395*v. Give p(-4).
-6
Let l(z) = -z**3 - 4*z**2 + 5*z + 5. Let u be l(-5). Let h(i) be the third derivative of i**5/60 - 5*i**4/24 - i**3/6 + 374*i**2 - 6. Calculate h(u).
-1
Let x(r) = -r**3 - 6*r**2 - 4*r - 3. Let s be (18/4 - 9) + 2/(-4). What is x(s)?
-8
Suppose 123 = 77*n + 508. Let k(l) = l**3 + 6*l**2 + 5*l - 3. What is k(n)?
-3
Let i = 13 + -25. Let c = i - -9. Let b(v) = -4 + 4*v**2 + 0*v + 2*v + 5 + v**3. What is b(c)?
4
Let y be (-15)/(-6)*1*-2. Let h(c) = -7*c - 30 - 30 - 4*c**3 + 4*c**2 + 55 + 5*c**3. What is h(y)?
5
Let y = 172 + -166. Let v(i) = 2 + 12 + i - 10. Calculate v(y).
10
Let w = 15 + -11. Let f(y) = 5*y - w*y - 4*y**3 + 5*y**3 + 1. Calculate f(-2).
-9
Let f(l) = l**2 - 4*l. Let d be f(5). Suppose 2 = -h + d. Suppose -4*w + 4 = g - 9, -h*g - 2*w - 1 = 0. Let p(k) = -k - 4. Determine p(g).
-1
Let x(v) = v**2 - v + 1. Let t(s) = 5 - 8*s + 4*s**2 + 0 - s**2 + 1. Let l(r) = -t(r) + 4*x(r). Suppose 6*y - 41 = -23. Calculate l(y).
19
Suppose -18 = x - 28. Let a be (x + -9)/((-1)/(-3)). Let u(f) = 5*f**2 - 4 - 7*f**2 + a*f**2. What is u(4)?
12
Let y(j) = -j**3 + 13*j**2 - 10*j - 14. Suppose 0 = 3*h + 4*r - 16, 0 = -89*h + 92*h - 2*r - 46. Calculate y(h).
10
Let h(g) = g**2 - 6*g + 4. Let b be (11 - (-6)/(-6)) + -6. What is h(b)?
-4
Let j(b) = -b**2 + 17*b - 19. Let c be j(15). Let d(h) = -11 + 88*h**3 + 11*h**2 + 90*h**3 + h - 179*h**3. What is d(c)?
0
Let g(m) = m**2 + 13*m - 1. Let h(q) = -4*q**2 - 23*q - 15. Let p(d) = 3*g(d) + h(d). Calculate p(12).
30
Let w(j) be the second derivative of j**5/10 + j**4/12 - j**2/2 + 402*j. Let s(z) = -z - 4. Let g be s(-3). Calculate w(g).
-2
Let q(z) = -z**2 + 7*z - 4. Let p(m) = m**2 - 12*m + 5. Let r be p(11). Let a(y) = -5*y - 24. Let f be a(r). What is q(f)?
2
Let m(r) be the second derivative of 1/3*r**3 + 0 + 4*r**2 - 30*r. What is m(-8)?
-8
Suppose 0*b - 5*b + 5 = 0. Let m(x) = 1. Let l(o) = o + 3. Let d(p) = b*l(p) + 5*m(p). Let v(f) = f**3 + 162*f**2 - 6*f - 977. Let k be v(-162). Determine d(k).
3
Let o be (-1 + 9/3)*1. Let y(z) = -43*z - z**2 + 37*z + 0*z**o - 3. Determine y(-6).
-3
Suppose 4*y + 12 = 7*y. Suppose -5*g - y*q + 72 = 